2 is divided by 28.
26
What is the remainder when 911 is divided by 114?
113
What is the remainder when 172 is divided by 59?
54
Calculate the remainder when 3009 is divided by 14.
13
Calculate the remainder when 29 is divided by 20.
9
Calculate the remainder when 97 is divided by 32.
1
Calculate the remainder when 9028 is divided by 15.
13
What is the remainder when 9957 is divided by 34?
29
What is the remainder when 128 is divided by 17?
9
What is the remainder when 164 is divided by 138?
26
Calculate the remainder when 79 is divided by 24.
7
Calculate the remainder when 23 is divided by 11.
1
Calculate the remainder when 96 is divided by 26.
18
What is the remainder when 125 is divided by 21?
20
Calculate the remainder when 292 is divided by 286.
6
What is the remainder when 353 is divided by 33?
23
Calculate the remainder when 346 is divided by 175.
171
What is the remainder when 660 is divided by 11?
0
What is the remainder when 1274 is divided by 22?
20
What is the remainder when 95 is divided by 26?
17
What is the remainder when 501 is divided by 126?
123
What is the remainder when 408 is divided by 116?
60
Calculate the remainder when 221 is divided by 102.
17
Calculate the remainder when 161 is divided by 48.
17
What is the remainder when 781 is divided by 30?
1
Calculate the remainder when 87 is divided by 84.
3
What is the remainder when 1037 is divided by 16?
13
What is the remainder when 590 is divided by 83?
9
What is the remainder when 110 is divided by 47?
16
What is the remainder when 2116 is divided by 29?
28
What is the remainder when 296 is divided by 140?
16
What is the remainder when 636 is divided by 20?
16
Calculate the remainder when 39 is divided by 8.
7
What is the remainder when 815 is divided by 136?
135
What is the remainder when 1617 is divided by 14?
7
Calculate the remainder when 7682 is divided by 34.
32
Calculate the remainder when 21789 is divided by 77.
75
Calculate the remainder when 210 is divided by 58.
36
Calculate the remainder when 1298 is divided by 62.
58
Calculate the remainder when 94 is divided by 69.
25
What is the remainder when 216 is divided by 116?
100
Calculate the remainder when 92 is divided by 16.
12
What is the remainder when 2133 is divided by 552?
477
Calculate the remainder when 191 is divided by 66.
59
Calculate the remainder when 201 is divided by 49.
5
Calculate the remainder when 375 is divided by 24.
15
Calculate the remainder when 152 is divided by 7.
5
What is the remainder when 136 is divided by 30?
16
Calculate the remainder when 50 is divided by 13.
11
What is the remainder when 206 is divided by 34?
2
What is the remainder when 105 is divided by 79?
26
What is the remainder when 216 is divided by 109?
107
Calculate the remainder when 488 is divided by 104.
72
What is the remainder when 198 is divided by 7?
2
Calculate the remainder when 1204 is divided by 130.
34
What is the remainder when 137 is divided by 24?
17
Calculate the remainder when 1084 is divided by 90.
4
What is the remainder when 233 is divided by 60?
53
What is the remainder when 415 is divided by 204?
7
Calculate the remainder when 825 is divided by 808.
17
Calculate the remainder when 128 is divided by 42.
2
Calculate the remainder when 142 is divided by 13.
12
What is the remainder when 8062 is divided by 24?
22
What is the remainder when 148 is divided by 111?
37
Calculate the remainder when 122 is divided by 63.
59
What is the remainder when 43 is divided by 30?
13
What is the remainder when 253 is divided by 62?
5
What is the remainder when 85 is divided by 4?
1
What is the remainder when 419 is divided by 12?
11
What is the remainder when 907 is divided by 13?
10
What is the remainder when 791 is divided by 8?
7
What is the remainder when 1539 is divided by 70?
69
Calculate the remainder when 6518 is divided by 159.
158
Calculate the remainder when 808 is divided by 497.
311
Calculate the remainder when 510 is divided by 32.
30
Calculate the remainder when 253 is divided by 66.
55
What is the remainder when 253 is divided by 37?
31
Calculate the remainder when 5691 is divided by 13.
10
What is the remainder when 221 is divided by 56?
53
Calculate the remainder when 356 is divided by 99.
59
Calculate the remainder when 1046 is divided by 27.
20
What is the remainder when 3362 is divided by 259?
254
What is the remainder when 2675 is divided by 23?
7
Calculate the remainder when 5981 is divided by 31.
29
What is the remainder when 43 is divided by 23?
20
Calculate the remainder when 53 is divided by 29.
24
Calculate the remainder when 104 is divided by 27.
23
What is the remainder when 560 is divided by 2?
0
Calculate the remainder when 5321 is divided by 48.
41
What is the remainder when 1978 is divided by 30?
28
What is the remainder when 124 is divided by 61?
2
Calculate the remainder when 32 is divided by 24.
8
What is the remainder when 422 is divided by 31?
19
Calculate the remainder when 51 is divided by 3.
0
What is the remainder when 23 is divided by 8?
7
Calculate the remainder when 85 is divided by 18.
13
Calculate the remainder when 18 is divided by 12.
6
What is the remainder when 608 is divided by 44?
36
Calculate the remainder when 37 is divided by 12.
1
What is the remainder when 225 is divided by 120?
105
What is the remainder when 2326 is divided by 37?
32
Calculate the remainder when 440 is divided by 214.
12
What is the remainder when 918 is divided by 223?
26
Calculate the remainder when 130 is divided by 12.
10
What is the remainder when 866 is divided by 139?
32
What is the remainder when 139 is divided by 93?
46
What is the remainder when 100 is divided by 25?
0
Calculate the remainder when 115 is divided by 14.
3
Calculate the remainder when 127 is divided by 81.
46
What is the remainder when 130 is divided by 65?
0
What is the remainder when 1790 is divided by 28?
26
Calculate the remainder when 653 is divided by 221.
211
Calculate the remainder when 277 is divided by 88.
13
Calculate the remainder when 213 is divided by 31.
27
Calculate the remainder when 3910 is divided by 12.
10
Calculate the remainder when 2342 is divided by 90.
2
Calculate the remainder when 1102 is divided by 139.
129
What is the remainder when 19989 is divided by 196?
193
What is the remainder when 226 is divided by 53?
14
What is the remainder when 180 is divided by 10?
0
Calculate the remainder when 433 is divided by 180.
73
Calculate the remainder when 119 is divided by 30.
29
Calculate the remainder when 7447 is divided by 39.
37
What is the remainder when 285 is divided by 98?
89
What is the remainder when 3917 is divided by 25?
17
What is the remainder when 4517 is divided by 13?
6
Calculate the remainder when 73 is divided by 16.
9
What is the remainder when 3 is divided by 1?
0
Calculate the remainder when 5564 is divided by 124.
108
What is the remainder when 108 is divided by 64?
44
What is the remainder when 7 is divided by 6?
1
Calculate the remainder when 255 is divided by 81.
12
Calculate the remainder when 1790 is divided by 26.
22
Calculate the remainder when 16 is divided by 12.
4
What is the remainder when 345 is divided by 70?
65
Calculate the remainder when 300 is divided by 106.
88
Calculate the remainder when 5 is divided by 3.
2
Calculate the remainder when 5470 is divided by 13.
10
Calculate the remainder when 863 is divided by 33.
5
What is the remainder when 1179 is divided by 6?
3
Calculate the remainder when 274 is divided by 191.
83
What is the remainder when 2135 is divided by 18?
11
What is the remainder when 29 is divided by 21?
8
Calculate the remainder when 446 is divided by 56.
54
Calculate the remainder when 418 is divided by 30.
28
What is the remainder when 1116 is divided by 80?
76
Calculate the remainder when 4021 is divided by 31.
22
Calculate the remainder when 2332 is divided by 86.
10
Calculate the remainder when 2526 is divided by 22.
18
Calculate the remainder when 52 is divided by 2.
0
Calculate the remainder when 35 is divided by 6.
5
Calculate the remainder when 1398 is divided by 40.
38
Calculate the remainder when 1531 is divided by 77.
68
What is the remainder when 56 is divided by 31?
25
What is the remainder when 454 is divided by 98?
62
What is